{"id":623,"date":"2025-12-04T19:46:58","date_gmt":"2025-12-04T19:46:58","guid":{"rendered":"https:\/\/schachklub-sparkasse-jenbach.at\/?page_id=623"},"modified":"2025-12-04T19:52:21","modified_gmt":"2025-12-04T19:52:21","slug":"johann-pirchner","status":"publish","type":"page","link":"https:\/\/schachklub-sparkasse-jenbach.at\/index.php\/johann-pirchner\/","title":{"rendered":"Johann Pirchner"},"content":{"rendered":"\n<div class=\"wp-block-columns is-layout-flex wp-container-3\">\n<div class=\"wp-block-column is-layout-flow\" style=\"flex-basis:66.66%\">\n<p>Der Schachklub Jenbach trauert um sein langj\u00e4hriges Mitglied\u00a0<strong>Johann Pirchner<\/strong>, der im Alter von 87 Jahren verstorben ist.<\/p>\n\n\n\n<p>Johann Pirchner war \u00fcber&nbsp;<strong>50 Jahre<\/strong>&nbsp;ein tragender Teil unseres Vereinslebens. Als&nbsp;<strong>Gr\u00fcndungsmitglied des Schachklubs Jenbach im Jahr 1971<\/strong>&nbsp;hat er die Entwicklung des Vereins ma\u00dfgeblich mitgepr\u00e4gt und \u00fcber Jahrzehnte begleitet. Seine Leidenschaft f\u00fcr das k\u00f6nigliche Spiel blieb bis zuletzt ungebrochen: Johann nahm zuverl\u00e4ssig an den Klubabenden teil, spielte regelm\u00e4\u00dfig in der Meisterschaft und war stets bereit f\u00fcr eine spannende Partie \u2013 mit voller Konzentration, Fairness und echter Freude am Spiel.<\/p>\n\n\n\n<p>Auch sportlich hinterl\u00e4sst er bleibende Spuren. Zweimal konnte er sich den Titel des&nbsp;<strong>Klubmeisters<\/strong>&nbsp;sichern \u2013&nbsp;<strong>1977 und 2012<\/strong>&nbsp;\u2013 und zeigte damit eindrucksvoll, dass sein strategisches K\u00f6nnen und sein Spielverst\u00e4ndnis \u00fcber viele Jahrzehnte hinweg auf h\u00f6chstem Niveau blieben.<\/p>\n\n\n\n<p>F\u00fcr viele von uns war Johann weit mehr als nur ein Schachkollege. Er war ein verl\u00e4sslicher, liebenswerter und ruhiger Weggef\u00e4hrte, mit dem man nicht nur viele Partien, sondern auch unz\u00e4hlige Gespr\u00e4che und sch\u00f6ne Momente teilen durfte.<\/p>\n\n\n\n<p>Der Schachklub Jenbach&nbsp;verliert mit Johann Pirchner einen passionierten Spieler, engagierten Vereinsmenschen und gesch\u00e4tzten Freund.<\/p>\n<\/div>\n\n\n\n<div class=\"wp-block-column is-layout-flow\" style=\"flex-basis:33.33%\">\n<figure class=\"wp-block-image size-large is-resized\"><img decoding=\"async\" loading=\"lazy\" src=\"https:\/\/schachklub-sparkasse-jenbach.at\/wp-content\/uploads\/2025\/12\/Pirchner-Johann-728x1024.jpeg\" alt=\"\" class=\"wp-image-620\" width=\"474\" height=\"667\" srcset=\"https:\/\/schachklub-sparkasse-jenbach.at\/wp-content\/uploads\/2025\/12\/Pirchner-Johann-728x1024.jpeg 728w, https:\/\/schachklub-sparkasse-jenbach.at\/wp-content\/uploads\/2025\/12\/Pirchner-Johann-213x300.jpeg 213w, https:\/\/schachklub-sparkasse-jenbach.at\/wp-content\/uploads\/2025\/12\/Pirchner-Johann-768x1080.jpeg 768w, https:\/\/schachklub-sparkasse-jenbach.at\/wp-content\/uploads\/2025\/12\/Pirchner-Johann-1092x1536.jpeg 1092w, https:\/\/schachklub-sparkasse-jenbach.at\/wp-content\/uploads\/2025\/12\/Pirchner-Johann-1456x2048.jpeg 1456w, https:\/\/schachklub-sparkasse-jenbach.at\/wp-content\/uploads\/2025\/12\/Pirchner-Johann-scaled.jpeg 1820w\" sizes=\"(max-width: 474px) 100vw, 474px\" \/><\/figure>\n<\/div>\n<\/div>\n","protected":false},"excerpt":{"rendered":"<p>Der Schachklub Jenbach trauert um sein langj\u00e4hriges Mitglied\u00a0Johann Pirchner, der im Alter von 87 Jahren verstorben ist. Johann Pirchner war \u00fcber&nbsp;50 Jahre&nbsp;ein tragender Teil unseres Vereinslebens. Als&nbsp;Gr\u00fcndungsmitglied des Schachklubs Jenbach im Jahr 1971&nbsp;hat er die Entwicklung des Vereins ma\u00dfgeblich mitgepr\u00e4gt und \u00fcber Jahrzehnte begleitet. Seine Leidenschaft f\u00fcr das k\u00f6nigliche Spiel blieb bis zuletzt ungebrochen: Johann [&hellip;]<\/p>\n","protected":false},"author":1,"featured_media":0,"parent":0,"menu_order":0,"comment_status":"closed","ping_status":"closed","template":"","meta":{"_eb_attr":""},"_links":{"self":[{"href":"https:\/\/schachklub-sparkasse-jenbach.at\/index.php\/wp-json\/wp\/v2\/pages\/623"}],"collection":[{"href":"https:\/\/schachklub-sparkasse-jenbach.at\/index.php\/wp-json\/wp\/v2\/pages"}],"about":[{"href":"https:\/\/schachklub-sparkasse-jenbach.at\/index.php\/wp-json\/wp\/v2\/types\/page"}],"author":[{"embeddable":true,"href":"https:\/\/schachklub-sparkasse-jenbach.at\/index.php\/wp-json\/wp\/v2\/users\/1"}],"replies":[{"embeddable":true,"href":"https:\/\/schachklub-sparkasse-jenbach.at\/index.php\/wp-json\/wp\/v2\/comments?post=623"}],"version-history":[{"count":2,"href":"https:\/\/schachklub-sparkasse-jenbach.at\/index.php\/wp-json\/wp\/v2\/pages\/623\/revisions"}],"predecessor-version":[{"id":630,"href":"https:\/\/schachklub-sparkasse-jenbach.at\/index.php\/wp-json\/wp\/v2\/pages\/623\/revisions\/630"}],"wp:attachment":[{"href":"https:\/\/schachklub-sparkasse-jenbach.at\/index.php\/wp-json\/wp\/v2\/media?parent=623"}],"curies":[{"name":"wp","href":"https:\/\/api.w.org\/{rel}","templated":true}]}}