{"id":54,"date":"2023-02-19T20:22:41","date_gmt":"2023-02-19T20:22:41","guid":{"rendered":"https:\/\/schachklub-sparkasse-jenbach.at\/?page_id=54"},"modified":"2025-04-01T18:18:32","modified_gmt":"2025-04-01T18:18:32","slug":"infos-fur-eltern","status":"publish","type":"page","link":"https:\/\/schachklub-sparkasse-jenbach.at\/index.php\/infos-fur-eltern\/","title":{"rendered":"Infos f\u00fcr Eltern"},"content":{"rendered":"\n<h5 class=\"wp-block-heading\">Wann?<\/h5>\n\n\n\n<p>Unser Jungendtraining ist in zwei Gruppen eingeteilt. Von 15:00 &#8211; 16:00 ist die Anf\u00e4ngergruppe und von 16:15 &#8211; 17:30 ist die Fortgeschrittenen Gruppe. Schnupperer bitte immer das Erste Mal zur Anf\u00e4ngergruppe kommen. Trainingstage orientieren sich an das Schulsemester, d.h. das Training entf\u00e4llt in Schulferien und schulfreien Freitagen.<\/p>\n\n\n\n<h5 class=\"wp-block-heading\">WO?<\/h5>\n\n\n\n<p>Wir treffen uns immer unter dem Glasvordach vor dem Gemeindeamt und gehen dann gemeinsam in unser Klublokal. Genaueres befindet sich unter Anreise (Verlinkung).<\/p>\n\n\n\n<h5 class=\"wp-block-heading\">Voraussetzungen<\/h5>\n\n\n\n<p>Die Kinder ben\u00f6tigen keine Vorkenntnisse der Schachregeln.<br>Prinzipiell gibt es kein Mindestalter, jedoch aus Erfahrung sollten die Kinder zumindest die 1. oder 2. Volksschule besuchen.<br>Lese- und Schreibf\u00e4higkeiten zum Bearbeiten von Trainingsmaterialen w\u00e4ren nett, werden aber nicht vorausgesetzt.<br>Neugierde und Spa\u00df am Schachspielen.<\/p>\n\n\n\n<h5 class=\"wp-block-heading\">Materialen<\/h5>\n\n\n\n<p>F\u00fcr das Training ben\u00f6tigen die Kinder kein eigenes Schachbrett, jedoch empfehlen wir ein Schachbrett f\u00fcr daheim.<br>Fragen zu Schachmaterialen wie B\u00fccher, Bretter oder Apps beantwortet unser Jugendtrainer sehr gern bzw. befinden sich unter <a href=\"https:\/\/schachklub-sparkasse-jenbach.at\/index.php\/buchempfehlungen-nicht-nur-furs-jugendtraining\/\" data-type=\"page\" data-id=\"372\">Buchempfehlungen (nicht nur) f\u00fcrs Jugendtraining<\/a> altersgerechte Schachb\u00fccher und Hefte zum Training f\u00fcr daheim.<\/p>\n\n\n\n<h5 class=\"wp-block-heading\">Kosten<\/h5>\n\n\n\n<p>Erstes (Schnupper)Semester ist kostenlos.<br>30 \u20ac pro Semester<\/p>\n\n\n\n<h5 class=\"wp-block-heading\">Anmeldung und Kontakt<\/h5>\n\n\n\n<p>Jugendtrainer Michael Siding: michael.siding@aon.at oder 0664 \/ 184 20 83<br>oder einfach am Freitag w\u00e4hrend dem Training vorbeischauen<\/p>\n","protected":false},"excerpt":{"rendered":"<p>Wann? Unser Jungendtraining ist in zwei Gruppen eingeteilt. Von 15:00 &#8211; 16:00 ist die Anf\u00e4ngergruppe und von 16:15 &#8211; 17:30 ist die Fortgeschrittenen Gruppe. Schnupperer bitte immer das Erste Mal zur Anf\u00e4ngergruppe kommen. Trainingstage orientieren sich an das Schulsemester, d.h. das Training entf\u00e4llt in Schulferien und schulfreien Freitagen. WO? Wir treffen uns immer unter dem [&hellip;]<\/p>\n","protected":false},"author":1,"featured_media":0,"parent":0,"menu_order":0,"comment_status":"closed","ping_status":"closed","template":"","meta":{"_eb_attr":""},"_links":{"self":[{"href":"https:\/\/schachklub-sparkasse-jenbach.at\/index.php\/wp-json\/wp\/v2\/pages\/54"}],"collection":[{"href":"https:\/\/schachklub-sparkasse-jenbach.at\/index.php\/wp-json\/wp\/v2\/pages"}],"about":[{"href":"https:\/\/schachklub-sparkasse-jenbach.at\/index.php\/wp-json\/wp\/v2\/types\/page"}],"author":[{"embeddable":true,"href":"https:\/\/schachklub-sparkasse-jenbach.at\/index.php\/wp-json\/wp\/v2\/users\/1"}],"replies":[{"embeddable":true,"href":"https:\/\/schachklub-sparkasse-jenbach.at\/index.php\/wp-json\/wp\/v2\/comments?post=54"}],"version-history":[{"count":7,"href":"https:\/\/schachklub-sparkasse-jenbach.at\/index.php\/wp-json\/wp\/v2\/pages\/54\/revisions"}],"predecessor-version":[{"id":563,"href":"https:\/\/schachklub-sparkasse-jenbach.at\/index.php\/wp-json\/wp\/v2\/pages\/54\/revisions\/563"}],"wp:attachment":[{"href":"https:\/\/schachklub-sparkasse-jenbach.at\/index.php\/wp-json\/wp\/v2\/media?parent=54"}],"curies":[{"name":"wp","href":"https:\/\/api.w.org\/{rel}","templated":true}]}}